is p(1)?
-25
Let k(j) = 13*j + 141. Give k(-11).
-2
Let u(f) = f**3 - 14*f**2 - f + 14. Calculate u(14).
0
Let l(m) = 3*m - 47. Calculate l(15).
-2
Let f(v) = 4*v**2 + 29*v - 8. Determine f(-9).
55
Let q(p) = -43*p + 426. Determine q(10).
-4
Let s(t) = t**2 + 18*t + 21. Determine s(-16).
-11
Let o(q) = 2*q**3 - 9*q**2 + 11*q - 7. What is o(5)?
73
Let a(y) = -12*y - 105. What is a(-9)?
3
Let a(s) = -s**3 + 24*s**2 - 25*s + 44. Give a(23).
-2
Let l(u) = u**2 - 15*u + 13. Determine l(11).
-31
Let y(p) = -12*p + 47. Calculate y(6).
-25
Let l(a) = -a**2 - 7*a + 36. Determine l(4).
-8
Let h(s) = -s - 1. What is h(1)?
-2
Let t(l) = l**3 - 4*l**2 + 2*l + 2. Give t(3).
-1
Let f(c) = c**2 - 7*c - 28. Determine f(10).
2
Let o(i) = 6*i + 6. What is o(10)?
66
Let d(l) = 6*l. Determine d(1).
6
Let l(o) = -3*o**2 + 6*o + 5. Determine l(5).
-40
Let y(p) = p**3 + 5*p**2 - 37*p - 4. Give y(-9).
5
Let n(q) = 4*q + 15. Calculate n(-8).
-17
Let o(u) = -u**3 + 11*u - 2. Calculate o(3).
4
Let t(f) = 2*f**2 - 143*f + 208. Give t(70).
-2
Let g(j) = -j**2 + 6*j + 199. What is g(-10)?
39
Let b(m) = -35*m - 176. Determine b(-5).
-1
Let x(q) = -2*q**3 + 51*q**2 + 25*q + 37. Give x(26).
11
Let r(s) = s**3 + 19*s**2 - 18*s + 41. Give r(-20).
1
Let p(o) = o**2 - o + 3. Calculate p(3).
9
Let s(g) = -g**3 - 17*g**2 + g + 11. Give s(-17).
-6
Let p(d) = 31*d + 914. Calculate p(-30).
-16
Let q(v) = -v**3 + 6*v**2 - 2*v + 6. Determine q(6).
-6
Let n(v) = v**2 + v. Calculate n(1).
2
Let r(m) = m**3 + 11*m**2 + 27*m + 13. Determine r(-8).
-11
Let v(h) = -h**2 + 4. Give v(-3).
-5
Let s(i) = -i**2 + 12*i - 9. Calculate s(9).
18
Let h(o) = o**2 + 12*o - 12. Give h(-12).
-12
Let u(k) = -k**3 + 7*k**2 + 9*k - 9. What is u(7)?
54
Let r(l) = -6*l + 112. Determine r(22).
-20
Let p(b) = -34*b - 8. Determine p(-2).
60
Let q(t) = t**2 + 3*t - 8. What is q(6)?
46
Let j(y) = y**2 + 8*y + 1. Give j(-6).
-11
Let g(r) = 18*r - 2. Determine g(-4).
-74
Let s(t) = -2*t**2 + 15*t - 17. Give s(5).
8
Let c(q) = -6*q - 7. Calculate c(-5).
23
Let a(q) = 27*q + 751. What is a(-28)?
-5
Let a(t) = -6*t + 136. Determine a(15).
46
Let t(s) = -s**3 - s**2 - 2*s + 1. Give t(0).
1
Let f(c) = -9*c + 44. What is f(5)?
-1
Let a(f) = f**3 - 16*f**2 + 2*f - 24. Calculate a(16).
8
Let w(f) = -f**2 + 22*f + 37. Determine w(26).
-67
Let p(n) = -n**2 + 32*n - 221. What is p(22)?
-1
Let s(l) = 3*l**2 - 2*l + 6. What is s(2)?
14
Let n(t) = -5*t + 1. Determine n(1).
-4
Let w(t) = 4*t + 49. Calculate w(-12).
1
Let p(i) = -i**2 + 15*i + 34. What is p(17)?
0
Let u(k) = -k + 14. Determine u(6).
8
Let z(d) = 14*d + 70. What is z(-18)?
-182
Let v(u) = 3*u**2 + 5*u + 6. Give v(-5).
56
Let q(f) = f**2 - 14*f + 20. Determine q(13).
7
Let c(b) = -10*b + 69. Give c(4).
29
Let a(f) = f**3 - 7*f**2 + 3*f + 1. Calculate a(6).
-17
Let w(h) = h**2 - 9*h - 27. Determine w(9).
-27
Let f(h) = h**3 + 2*h**2 + 1. Calculate f(-2).
1
Let p(u) = 2*u - 4. Give p(4).
4
Let y(x) = -x**3 - 28*x**2 - 173*x + 65. Determine y(-10).
-5
Let b(j) = -j - 4. What is b(0)?
-4
Let i(d) = -d + 31. Calculate i(20).
11
Let v(u) = 6*u - 60. Determine v(10).
0
Let s(r) = -8*r - 194. Determine s(-23).
-10
Let m(k) = -53*k + 157. Give m(3).
-2
Let i(b) = -8*b + 165. Calculate i(21).
-3
Let i(c) = c**3 + 6*c**2 + 8*c + 5. What is i(-5)?
-10
Let i(j) = 2*j - 3. What is i(3)?
3
Let y(t) = -4*t + 32. Determine y(11).
-12
Let f(i) = i - 16. What is f(19)?
3
Let h(n) = -n**2 - 8*n - 5. Calculate h(-6).
7
Let u(n) = -n**3 + 4*n**2 - 4*n. What is u(4)?
-16
Let x(u) = 16*u - 60. Determine x(4).
4
Let f(l) = -l - 1. Determine f(-2).
1
Let g(c) = c**2 + 11*c + 35. What is g(-3)?
11
Let c(h) = -17*h**2 + h. Determine c(-1).
-18
Let a(u) = -u**3 + 7*u**2 + 5*u + 6. Calculate a(8).
-18
Let f(i) = -4*i**3 + 92*i**2 - 2*i + 39. What is f(23)?
-7
Let q(t) = -t**2 - 8*t + 3. Determine q(-6).
15
Let o(r) = 3*r + 26. Give o(-9).
-1
Let c(l) = 2*l**3 + l**2 + 3*l + 4. Calculate c(-2).
-14
Let j(s) = s**2 + s - 6. Calculate j(6).
36
Let h(i) = -4*i + 99. What is h(25)?
-1
Let x(a) = -a**3 + 20*a**2 + 70*a - 7. Calculate x(23).
16
Let f(z) = 2*z + 3. Give f(3).
9
Let y(q) = -14*q + 155. Determine y(12).
-13
Let v(l) = l**2 - 11*l + 18. Calculate v(4).
-10
Let g(y) = 2*y**2 + 4*y + 8. Give g(-3).
14
Let m(i) = -i - 11. What is m(8)?
-19
Let o(g) = -g + 17. Calculate o(-8).
25
Let l(w) = w**2 + 2*w - 4. Give l(4).
20
Let s(a) = -a**2 + 5. Give s(5).
-20
Let b(o) = -o**3 - 6*o**2 - 5*o - 8. What is b(-5)?
-8
Let y(f) = -f**3 - 28*f**2 - 37. Give y(-28).
-37
Let p(a) = -a**3 + 5*a**2 + 4*a + 10. Calculate p(6).
-2
Let n(t) = 20*t**2 + t - 1. What is n(-1)?
18
Let o(i) = 2*i + 6. Determine o(-8).
-10
Let p(x) = -x**3 - 7*x**2 - 3*x - 16. Give p(-7).
5
Let f(h) = 7*h - 1. Determine f(6).
41
Let u(h) = -h - 12. Calculate u(-7).
-5
Let t(n) = -n**3 + 9*n**2 + 2*n + 75. What is t(10)?
-5
Let d(a) = -11*a + 165. Give d(15).
0
Let l(h) = -h**2 + 7*h - 3. Calculate l(8).
-11
Let w(v) = 9*v - 24. Give w(5).
21
Let i(q) = q**3 - 4*q**2 - 2*q - 4. Give i(5).
11
Let d(i) = i - 17. Give d(3).
-14
Let r(t) = t**3 + 7*t**2 + 8*t + 7. What is r(-5)?
17
Let y(w) = -2*w**2 + 141*w - 598. Give y(66).
-4
Let i(v) = -9*v + 131. Give i(14).
5
Let g(h) = -h**3 - 2*h**2 + 9*h + 6. Give g(-4).
2
Let r(u) = u**3 + 7*u**2 + 3*u + 3. Determine r(-7).
-18
Let u(l) = -67*l. Determine u(-2).
134
Let b(w) = w**3 - w**2 - 10*w + 6. What is b(4)?
14
Let f(i) = 8*i - 28. What is f(4)?
4
Let t(w) = -45*w + 2. What is t(2)?
-88
Let t(r) = 14*r**2 - 57*r + 9. Determine t(4).
5
Let q(w) = -29*w - 180. Give q(-6).
-6
Let n(m) = m**3 + 2*m**2 - 2*m + 51. What is n(0)?
51
Let i(o) = o**2 - 7*o + 7. Determine i(9).
25
Let m(h) = 2*h**3 - h**2 + 3*h + 2. Give m(-2).
-24
Let u(z) = -2*z**2 - 2*z + 23. Give u(-4).
-1
Let o(x) = 2*x**3 - x**2 + x - 1. Give o(1).
1
Let m(a) = 14*a - 1. Give m(5).
69
Let u(n) = 31*n - 3. Give u(2).
59
Let x(c) = -c**2 + 8*c + 12. Determine x(9).
3
Let z(w) = -w**3 + 6*w**2 + 27*w - 6. Give z(9).
-6
Let f(c) = -13*c**2 + 10*c + 10. What is f(-1)?
-13
Let q(z) = 9*z**2 - 4*z + 1. What is q(3)?
70
Let i(w) = 35*w + 598. Determine i(-17).
3
Let v(n) = -n**2 + n - 8. What is v(0)?
-8
Let d(r) = 8*r**3 - 2*r**2 - 4*r + 4. Determine d(2).
52
Let m(d) = -d**2 - 11*d + 44. Determine m(-12).
32
Let i(p) = -p**3 - 18*p**2 - 18*p - 23. Calculate i(-17).
-6
Let k(t) = -3*t + 6. Calculate k(1).
3
Let u(d) = -19*d + 71. Give u(4).
-5
Let v(i) = -2*i**3 + 7*i**2 + 1. Give v(4).
-15
Let g(v) = 2*v + 5. Give g(0).
5
Let m(v) = 38*v**2 + 2*v - 1. Determine m(1).
39
Let g(u) = 4*u - 11. Determine g(3).
1
Let h(w) = w**3 - 9*w**2 + 11*w - 4. Give h(6).
-46
Let i(v) = 12*v - 172. Give i(14).
-4
Let u(x) = 3*x - 1. What is u(0)?
-1
Let z(u) = 119*u**2 + 2*u + 2. What is z(-1)?
119
Let x(y) = y**3 - 10*y**2 - 2*y + 7. Calculate x(10).
-13
Let n(o) = 2*o**3 + 2*o**2 + 2*o - 5. Calculate n(2).
23
Let s(v) = -v**3 - 25*v**2 - 66*v + 1. Determine s(-22).
1
Let n(k) = k**2 - 4*k - 2. Calculate n(-1).
3
Let q(z) = -z**3 - z**2 + z + 32. What is q(0)?
32
Let d(i) = -i**2 + 4*i + 3. What is d(5)?
-2
Let m(a) = 3*a + 2. What is m(-2)?
-4
Let v(h) = -60*h**3 + 2*h**2 - 2*h + 1. Determine v(1).
-59
Let t(a) = a**3 - 4*a**2 - 7*a + 5. Determine t(5).
-5
Let y(c) = c**3 + 2*c**2 - 2*c + 4. Determine y(-3).
1
Let g(j) = j**3 - 14*j**2 + 4*j + 144. Give g(13).
27
Let a(c) = -8*c - 8. What is a(-4)?
24
Let r(f) = 2*f**2 - 19*f - 27. Determine r(12).
33
Let t(f) = -3*f**2 - 52*f + 18. What is t(-18)?
-18
Let h(r) = r**3 + 51*r**2 + 142*r - 92. Give h(-48).
4
Let q(u) = 2*u + 5. Calculate q(-5).
-5
Let h(b) = 2*b**2 + 3*b - 4. Determine h(1).
1
Let g(p) = -p**2 + 11*p - 6. Determine g(7).
22
Let w(b) = -b. Determine w(-4).
4
Let m(a) = 2*a**2 + 7*a - 2. Give m(3).
37
Let r(t) = -2*t**2 + 14*t - 4. Give r(8).
-20
Let c(d) = -d**3 - 24*d**2 - 42*d + 42. Give c(-22).
-2
Let u(v) = -v**2 + 7*v + 18. What is u(9)?
0
Let t(n) = -n. What is t(-4)?
4
Let i(b) = -b - 4. Determine i(-12).
8
Let d(z) = 5*z + 191. Determine d(-38).
1
Let p(o) = o + 2. What is p(-8)?
-6
Let v(p) = p**2 - 2. Calculate v(2).
2
Let r(t) = t**2 + 5*t + 2. What is r(-7)?
16
Let x(j) = -9*j + 16. Calculate x(8).
-56
Let s(w) = -w**3 - 18*w**2 + 15. Give s(-18).
15
Let m(x) = -x**3 +